 4*o = -s + 1097, -o + 388 = 4*s + 110. What is the tens digit of o?
7
Let f be 2 + (2 - 3 - -1). Let j(b) = 0*b + 3*b - f*b. What is the units digit of j(3)?
3
Let a(i) = 43*i + 65. What is the units digit of a(7)?
6
Let n(x) = 5*x**3 - 4*x**2 + 4*x + 2. Suppose 11*z + 2 = 12*z. What is the units digit of n(z)?
4
Suppose -3*o + 2*p + 3818 = -1885, p - 3 = 0. What is the hundreds digit of o?
9
Let j = -18 - -23. Suppose 0 = -3*q - j*k + 56, -q + 23 = -k - 9. Suppose 9 + 11 = -5*x, -5*x - q = -i. What is the units digit of i?
7
What is the units digit of (1 - -1)*(1 - (-2012)/8)?
5
Suppose 277 = -2*t + 3*s + 1196, -1361 = -3*t + s. What is the units digit of t?
2
Suppose 0 = 4*s + 2*d - 1882, s + 2*d - 372 = 91. What is the tens digit of s?
7
Let b(s) = -s + 3. Let a be b(-3). Suppose -2*p = -4 - a, 5*p = -4*k + 773. What is the units digit of k?
7
Let s(f) = f**3 + 6*f**2 + 7*f + 2. Let r be s(-5). Let v be 66/24 + (-2)/r. Suppose -v*y = -2*y - 25. What is the units digit of y?
5
Let j be -1*3*(-1 - 0). Suppose -j*x - 55 = -4*x. What is the tens digit of x?
5
What is the tens digit of 661 - 36/(4 + 2)?
5
Let i be 150/15*(3/2 + 1). Suppose 86 = -4*k + 10. Let p = i + k. What is the units digit of p?
6
Suppose -18*v + 5336 = 8. What is the units digit of v?
6
Suppose 0 = -389*r + 378*r + 18997. What is the hundreds digit of r?
7
Let y = 353 + -148. Suppose -10*g = -735 - y. What is the tens digit of g?
9
Let s(x) = -17*x**2 - 2. Let t be s(2). Let d = t + 145. What is the tens digit of d?
7
Suppose 0 = 6127*z - 6126*z - 297. What is the hundreds digit of z?
2
Let s = -215 + 435. Suppose q - 4*p + 43 + 185 = 0, 0 = -q + 2*p - s. Let l = -149 - q. What is the tens digit of l?
6
Let s(b) = -44*b + 74. What is the hundreds digit of s(-11)?
5
Let p be (6/12 + 37/(-2))*1. What is the tens digit of (-10)/(-2)*(-9 - p)?
4
Let v(i) be the second derivative of 1/6*i**4 + 7*i - 1/2*i**3 - 7/2*i**2 + 0. What is the tens digit of v(6)?
4
Let y = 428 + -129. What is the hundreds digit of y?
2
Let v(w) = -5*w**3 + 16*w**2 + 2*w + 1. Let h(l) = 14*l**3 - 47*l**2 - 7*l - 3. Let n(x) = -6*h(x) - 17*v(x). What is the tens digit of n(-6)?
9
Suppose 3*s - 381 = 174. Suppose 0*k = -5*k + s. Suppose -5*h - 3*n = -k, -n - 4*n + 35 = 3*h. What is the units digit of h?
5
Let m = -35 + 31. What is the tens digit of (m/(-14))/(7/833)?
3
Let h = 3 - 0. Suppose -8*c + h*c = -110. Suppose -2*x + 44 = 3*i, 2*i = 3*x - 4*x + c. What is the tens digit of x?
2
Suppose -39 = -4*n - 0*n + u, 0 = -2*n - u + 27. Let t = 5 + -5. Suppose t = 16*l - n*l - 40. What is the units digit of l?
8
Let a = -8412 + 11778. What is the tens digit of a?
6
Suppose -9*u = -4*u. Suppose u*h - 4*c + 11 = h, -4*c = -h + 27. What is the tens digit of h?
1
Suppose -6*h + 45 = 9. Suppose 2*r + 2*m = 58, 2*r - m = r + 35. Suppose -5*l - 57 = -3*b, 2*b - h = 2*l + r. What is the tens digit of b?
1
What is the units digit of 5 + 1010/5 + -6?
1
Let b(v) = v**2 + 8*v + 4. Suppose -2*l - 39 = 5*p, 0*p + 34 = -2*l - 4*p. Let z be b(l). What is the units digit of 2*(2 + z/2)?
1
Let u be 0 + (-2)/5 + (-817)/(-5). Let q = u - 94. What is the tens digit of q?
6
Suppose -8 = -a + 5*t, -2*a + 5 - 1 = 2*t. Suppose -2*c + 105 = a*c. What is the tens digit of c?
2
Let s = 400 + -375. What is the tens digit of s?
2
Suppose -3*h + z + 10 = 1, -4*h = -2*z - 14. Suppose h*p - 150 = 5*p. Let u = -2 - p. What is the tens digit of u?
4
Suppose -263 + 0 = -3*y + 2*v, 5*v + 353 = 4*y. Suppose y = 2*a - a. What is the units digit of a?
7
Suppose -3*a = 3*o, -o = -2*a - 2 + 11. Let v(l) = 6*l + 1. Let s(g) = 24*g + 5. Let h(q) = 4*s(q) - 18*v(q). What is the units digit of h(o)?
8
Let f(o) = -44*o - 1. Let w(t) = 7*t - 6. Let b(i) = -20*i + 17. Let k(y) = 6*b(y) + 17*w(y). Let v(m) = f(m) + 4*k(m). What is the units digit of v(-1)?
7
Let q(i) be the second derivative of i**6/360 + 11*i**4/12 - i**3/2 - 3*i. Let w(k) be the second derivative of q(k). What is the units digit of w(0)?
2
Let f be (42/(-4))/(1/6). Let s = -23 - f. What is the tens digit of s?
4
Let q = -2 + 8. Suppose 6*h + 4 + 20 = 0. What is the units digit of h/7*(-21)/q?
2
Let k = 750 - 392. What is the units digit of k?
8
Suppose 3*i = 10*i. Let k(y) = -y + 11. Let n be k(0). What is the tens digit of n + (2 - 1 - i)?
1
Suppose -5*k = g - 1595, -5*k + 5*g = 259 - 1884. What is the tens digit of k?
2
Let z be ((-85)/(-17))/(2/(-8)). What is the units digit of (-5185)/z + 1/(-4)*-3?
0
Let k = -1661 + 2340. What is the tens digit of k?
7
Let c = -2 - -7. What is the units digit of ((-31)/2 - c)*(-2 - 2)?
2
Let s = 8 + -5. Suppose s*b = 2*b + 1. Suppose b = -0*r + r. What is the units digit of r?
1
Suppose 0 = -643*d + 644*d - 459. What is the hundreds digit of d?
4
Let n(o) = o - 11. Let s(t) = 2*t - 21. Let a(q) = -13*n(q) + 6*s(q). Let h be a(14). Suppose -3*w + 25 = x - 90, 5*x = -h*w + 95. What is the units digit of w?
0
What is the hundreds digit of -2 - (-9 - (-7767)/(-9))?
8
Let q(g) = -8*g + 16. Let t be q(-5). Suppose -60 = -l + b, b = l - 2*l + t. What is the units digit of l?
8
Suppose 4*s + 146 = -5*l, 66 = -3*l + 5*s - 2*s. Let m = l - -95. What is the tens digit of m?
6
Suppose -2*j = -7*j - 215. Let w = -13 - j. What is the tens digit of w?
3
Let z(w) be the second derivative of -5*w**6/24 - w**4/12 - w**3/6 + 7*w**2/2 + 6*w. Let m(p) be the first derivative of z(p). What is the units digit of m(-1)?
6
Suppose 3*u + 8843 = 4*b, -6*b - 4*u = -8774 - 4448. What is the units digit of b?
7
Let x = -35 + 35. Suppose x = -s - 14 + 40. What is the units digit of s?
6
Let s be 5/(1/4 - (-9)/4). Suppose 6 = s*p, 3*p - 23 = 2*j - 88. What is the units digit of j?
7
Let i = 12 - 11. Let n = i + -12. Let j = n - -25. What is the tens digit of j?
1
Let t(k) = -34*k**3 - 2*k**2 - k. Suppose 12 = 4*c, -4*w - 2*c = -8*w - 10. What is the units digit of t(w)?
3
Suppose -h = -1, -4*h - 25 = -2*r - 9*h. What is the units digit of (-2)/r - 4710/(-50)?
4
Let c be 1/5 - (-56)/20. Suppose 2*z - c*z = -43. Suppose -3*p = 5*j - z, 14 = -2*p - j + 52. What is the units digit of p?
1
Let q(f) = 10*f - 22*f + 9*f + 3*f**2 + 9 - 2*f**2. What is the units digit of q(-6)?
3
What is the tens digit of (2/(-12))/(5/(-19410))?
4
Let g(b) = 2*b**2 + 1. Suppose -16 = -5*t + 4. Suppose -4*s + t = 16. What is the tens digit of g(s)?
1
Let s = 42 - 26. Suppose 3*o = 4*o - s. Let h = 30 - o. What is the tens digit of h?
1
Let q(v) = 14*v**2 - 27. What is the tens digit of q(-6)?
7
Suppose -2*d + 93 + 11 = 0. What is the hundreds digit of -1 + (-169)/(-1) + d/(-13)?
1
Let h(j) = -j**2 + 16*j - 15. Let q be h(15). Let t be (2 - 0)*1 - -2. Suppose 5 = -y - 4*y, -t*u - y + 39 = q. What is the units digit of u?
0
Suppose 2*u = 6*u + 668. Let n = 300 + u. What is the hundreds digit of n?
1
Let h = -176 - -56. What is the tens digit of (-2)/(-15) - 5264/h?
4
Let r(n) = n**3 + 6*n**2 - 11*n - 6. Let c(y) = y**3 - 5*y**2 - 2*y + 3. Let o be c(5). Let l be r(o). Let h = l + -3. What is the tens digit of h?
1
Let z(n) = n**3 - 9*n**2 - 19*n + 31. What is the tens digit of z(11)?
6
Let p = 1701 - 873. Suppose -9*c + p = 3*c. What is the tens digit of c?
6
Suppose 0 = 4*j - 177 + 17. Suppose 0 = -q + j - 6. What is the tens digit of q?
3
Let k(a) = -a**3 + 4*a**2 + 6*a + 2. Let y be k(5). Let s be (8/(-14))/((-2)/y). Suppose 0 = 3*f + s*f - 120. What is the units digit of f?
4
Let a(n) = -n**2 - 4*n - 3. Let i be a(-2). Suppose 3*s - 7 = -4*g, -4*g - 3 + 16 = s. What is the units digit of g/(3/(-9) + i)?
6
Let f(u) = u + 8. Let p be f(-6). Suppose 3*k = -5*q + 804, p*k - 255 - 281 = -4*q. What is the tens digit of k?
6
Suppose -2*h - 2*h + 12 = 3*l, -12 = -4*h. Let w = 146 - 141. Suppose l = -w*n - 10 + 200. What is the units digit of n?
8
What is the units digit of 25/(0 - 3/(-45))?
5
Suppose 851 = 9*h - 1903. What is the hundreds digit of h?
3
Suppose -67*f = 10*f - 129591. What is the hundreds digit of f?
6
Let u be (14/4)/(1/(-6)). Suppose -5*x + 3*b - 26 = 66, -5*x - 91 = -4*b. Let c = x - u. What is the units digit of c?
2
Suppose -1 = v - 4. Suppose -p - v = -5. Suppose -3*o + 44 = -p*o. What is the tens digit of o?
4
Suppose 3*a - 3559 = 4859. What is the hundreds digit of a?
8
What is the unit